NOAA-Style Climate Reports


Report for 2020 August
                   MONTHLY CLIMATOLOGICAL SUMMARY for AUG. 2020

NAME: Hersey   CITY: Hersey   STATE: MI 
ELEV:  1004 ft  LAT:  43° 49' 19" N  LONG:  85° 24' 38" W

                   TEMPERATURE (°F), RAIN  (in), WIND SPEED (mph)

                                      HEAT  COOL        AVG
    MEAN                              DEG   DEG         WIND                 DOM
DAY TEMP  HIGH   TIME   LOW    TIME   DAYS  DAYS  RAIN  SPEED HIGH   TIME    DIR
------------------------------------------------------------------------------------
 1  70.0  80.6   1:30p  55.0   7:00a   1.9   6.9  0.00   1.5  11.0   2:00p   SSE
 2  68.5  81.3   4:00p  62.7   8:30a   0.4   3.9  0.38   2.3  18.0   6:00p     N
 3  61.9  65.8   4:30p  56.8  11:30p   3.2   0.0  1.28   3.3  13.0   3:30p   NNE
 4  59.9  69.7   4:30p  50.3  12:00m   5.8   0.7  0.00   2.6  14.0   5:30p     N
 5  59.1  74.0   4:30p  44.1   6:30a   8.3   2.4  0.00   2.3  20.0   1:00p    NW
 6  62.5  78.3   7:00p  45.2   7:00a   6.9   4.4  0.00   1.2  10.0   4:00p   SSW
 7  65.8  80.5   4:30p  49.0   7:00a   5.0   5.8  0.00   1.2  12.0   5:00p     W
 8  64.7  80.3   2:00p  49.5   7:30a   4.3   4.1  0.13   2.0  20.0  11:30a   SSW
 9  76.2  85.6   5:00p  68.4  12:30a   0.0  11.2  0.00   3.2  18.0   9:00a   SSW
10  75.3  84.4   2:00p  70.7   3:30a   0.0   6.0  0.00   3.5  20.0  12:30p   SSW
11
12
13
14
15
16
17
18
19
20
21
22
23
24
25
26
27
28
29
30
31
-------------------------------------------------------------------------------------
    66.4  85.6     9    44.1     5    35.8  45.4  1.79   2.3  20.0     5     SSW

Max >=  90.0:  0
Max <=  32.0:  0
Min <=  32.0:  0
Min <=   0.0:  0
Max Rain: 1.28 ON 08/03/20
Days of Rain: 3 (>.01 in) 3 (>.1 in) 1 (>1 in)
Heat Base:  65.0  Cool Base:  65.0  Method: Integration