NOAA-Style Climate Reports


Report for 2021 June
                   MONTHLY CLIMATOLOGICAL SUMMARY for JUN. 2021

NAME: Hersey   CITY: Hersey   STATE: MI 
ELEV:  1004 ft  LAT:  43° 49' 19" N  LONG:  85° 24' 38" W

                   TEMPERATURE (°F), RAIN  (in), WIND SPEED (mph)

                                      HEAT  COOL        AVG
    MEAN                              DEG   DEG         WIND                 DOM
DAY TEMP  HIGH   TIME   LOW    TIME   DAYS  DAYS  RAIN  SPEED HIGH   TIME    DIR
------------------------------------------------------------------------------------
 1  60.3  74.5   5:30p  44.6   6:30a   7.1   2.4  0.02   1.3  14.0   2:00p     S
 2  62.8  76.5   5:00p  43.4   6:00a   6.7   4.4  0.00   1.5  14.0   3:00p   NNE
 3  65.8  80.8   4:00p  48.7   6:00a   4.9   5.7  0.00   2.7  20.0   9:30p    SW
 4  71.8  84.0   7:00p  56.8   7:00a   1.8   8.5  0.00   3.7  23.0   5:00p    SW
 5  77.0  85.1   4:00p  68.4   7:00a   0.0  12.0  0.00   6.6  27.0  12:00p    SW
 6  77.2  85.7   2:30p  67.3   6:30a   0.0  12.2  0.00   4.6  26.0   1:30p    SW
 7  72.9  80.2  12:00p  65.0   3:00a   0.0   7.8  0.00   2.5  15.0   9:30a   SSW
 8  75.5  86.6   5:30p  66.7   7:00a   0.0  10.5  0.00   1.4  14.0   3:30p    SW
 9  77.2  89.2   4:30p  63.5   6:30a   0.1  12.3  0.00   2.3  14.0   9:00p   NNW
10  75.8  88.5   4:00p  58.6   6:30a   0.7  11.5  0.00   1.5  13.0   4:30p   ENE
11  76.2  90.1   5:00p  63.8   6:30a   0.1  11.3  0.00   2.4  22.0   5:00p   ESE
12  70.9  86.6   6:00p  57.6   6:30a   1.8   7.6  0.00   1.9  15.0   7:30p   ESE
13  70.9  85.6   4:00p  54.9   7:00a   2.0   8.0  0.00   3.1  18.0   5:00p    NW
14  65.8  76.1   4:30p  54.5   6:30a   2.8   3.5  0.31   5.1  22.0   2:00p   NNW
15  64.1  77.2   4:30p  50.7   5:30a   5.0   4.1  0.00   3.8  19.0   1:30p     N
16  60.9  78.6   6:30p  40.5   6:30a   8.0   3.9  0.00   2.2  17.0   7:00p   NNW
17  65.0  81.9   6:30p  41.6   6:30a   7.1   7.1  0.00   3.1  19.0   6:30p   SSW
18  69.2  75.1   1:00a  64.7   5:30a   0.0   1.0  0.25   5.6  28.0   3:00a     W
19
20
21
22
23
24
25
26
27
28
29
30
-------------------------------------------------------------------------------------
    70.0  90.1    11    40.5    16    48.1 133.8  0.58   3.1  28.0    18     SSW

Max >=  90.0:  1
Max <=  32.0:  0
Min <=  32.0:  0
Min <=   0.0:  0
Max Rain: 0.31 ON 06/14/21
Days of Rain: 3 (>.01 in) 2 (>.1 in) 0 (>1 in)
Heat Base:  65.0  Cool Base:  65.0  Method: Integration