NOAA-Style Climate Reports


Report for 2024 April
                   MONTHLY CLIMATOLOGICAL SUMMARY for APR. 2024

NAME: Hersey   CITY: Hersey   STATE: MI 
ELEV:  1004 ft  LAT:  43° 49' 19" N  LONG:  85° 24' 38" W

                   TEMPERATURE (°F), RAIN  (in), WIND SPEED (mph)

                                      HEAT  COOL        AVG
    MEAN                              DEG   DEG         WIND                 DOM
DAY TEMP  HIGH   TIME   LOW    TIME   DAYS  DAYS  RAIN  SPEED HIGH   TIME    DIR
------------------------------------------------------------------------------------
 1  38.6  48.0   3:00p  29.6   6:30a  26.4   0.0  0.17   1.3  19.0   9:00p   ENE
 2  36.6  39.3   9:30p  32.7  12:30a  28.4   0.0  0.51   5.2  35.0   4:30p     E
 3  36.9  43.7   6:00p  28.7  12:00m  28.1   0.0  0.04   1.8  19.0   2:00p    SE
 4  37.1  43.6   6:00p  28.9  12:30a  27.9   0.0  0.07   1.3  20.0   5:00p    NE
 5  39.1  52.1   3:00p  27.5   8:00a  25.9   0.0  0.00   2.2  22.0   2:00p     N
 6  42.5  58.5   3:30p  25.2   6:30a  22.5   0.0  0.00   0.1  13.0  12:30p   ENE
 7  44.7  58.1   3:30p  26.0   8:00a  20.3   0.0  0.00   1.6  28.0   1:30p    SE
 8  54.6  68.8   2:30p  43.4   8:00a  10.7   0.3  0.00   2.2  38.0   3:00p    SE
 9  50.5  65.9   1:00p  36.2   6:30a  14.5   0.0  0.00   3.1  28.0   1:00p   WSW
10  49.3  66.9   5:30p  29.4   6:30a  15.8   0.1  0.00   0.5  20.0  12:00p     W
11  47.1  51.2   9:30a  43.9  11:30p  17.9   0.0  0.26   2.2  21.0   2:00p    NE
12  45.0  51.1   7:30p  42.9   8:00a  20.0   0.0  0.21   7.4  31.0   6:00p    NW
13  40.3  43.2  12:30a  37.7   5:30a   5.7   0.0  0.00   2.0  24.0   1:00a    NW
14
15
16
17
18
19
20
21
22
23
24
25
26
27
28
29
30
-------------------------------------------------------------------------------------
    43.3  68.8     8    25.2     6   264.1   0.4  1.26   2.4  38.0     8       N

Max >=  90.0:  0
Max <=  32.0:  0
Min <=  32.0:  7
Min <=   0.0:  0
Max Rain: 0.51 ON 04/02/24
Days of Rain: 6 (>.01 in) 4 (>.1 in) 0 (>1 in)
Heat Base:  65.0  Cool Base:  65.0  Method: Integration