NOAA-Style Climate Reports


Report for 2021 April
                   MONTHLY CLIMATOLOGICAL SUMMARY for APR. 2021

NAME: Hersey   CITY: Hersey   STATE: MI 
ELEV:  1004 ft  LAT:  43° 49' 19" N  LONG:  85° 24' 38" W

                   TEMPERATURE (°F), RAIN  (in), WIND SPEED (mph)

                                      HEAT  COOL        AVG
    MEAN                              DEG   DEG         WIND                 DOM
DAY TEMP  HIGH   TIME   LOW    TIME   DAYS  DAYS  RAIN  SPEED HIGH   TIME    DIR
------------------------------------------------------------------------------------
 1  27.4  37.8   4:00p  19.2  12:00m  37.6   0.0  0.00   6.6  25.0   4:30p   NNW
 2  29.9  47.4   5:30p  11.9   7:30a  35.1   0.0  0.00   2.5  19.0   4:00p   NNE
 3  42.7  59.6   6:00p  24.9   3:00a  22.3   0.0  0.00   4.1  23.0  12:00p     W
 4  48.4  67.9   4:30p  25.7   7:30a  16.9   0.3  0.00   2.5  16.0   2:30p   NNW
 5  55.8  69.1   6:30p  42.2   8:30a   9.9   0.7  0.22   3.3  28.0   9:30a    SE
 6  58.7  74.3   3:00p  43.6   8:00a   8.6   2.3  0.00   3.1  26.0   2:30p    SE
 7  62.4  78.7   4:30p  47.5   4:00a   6.3   3.7  0.03   2.6  23.0   2:30p   SSW
 8  62.5  74.5   2:30p  53.1   5:30a   4.3   1.8  0.11   5.5  30.0  11:00p    SE
 9  53.5  60.3   7:00p  45.6   4:00a  11.5   0.0  0.02   4.0  25.0   4:00p   SSW
10  53.7  67.2   6:00p  38.6   7:00a  11.4   0.1  0.38   2.8  20.0   6:00p   ESE
11  53.7  58.7   7:00p  48.7  12:00m  11.3   0.0  0.18   2.0  19.0  12:30a    SW
12  44.5  48.8  12:30a  41.3   5:30a   4.7   0.0  0.00   0.5   4.0   1:30a   NNW
13
14
15
16
17
18
19
20
21
22
23
24
25
26
27
28
29
30
-------------------------------------------------------------------------------------
    49.4  78.7     7    11.9     2   179.9   8.9  0.94   3.3  30.0     8      SE

Max >=  90.0:  0
Max <=  32.0:  0
Min <=  32.0:  4
Min <=   0.0:  0
Max Rain: 0.38 ON 04/10/21
Days of Rain: 6 (>.01 in) 4 (>.1 in) 0 (>1 in)
Heat Base:  65.0  Cool Base:  65.0  Method: Integration