NOAA-Style Climate Reports


Report for 2022 May
                   MONTHLY CLIMATOLOGICAL SUMMARY for MAY. 2022

NAME: Hersey   CITY: Hersey   STATE: MI 
ELEV:  1004 ft  LAT:  43° 49' 19" N  LONG:  85° 24' 38" W

                   TEMPERATURE (°F), RAIN  (in), WIND SPEED (mph)

                                      HEAT  COOL        AVG
    MEAN                              DEG   DEG         WIND                 DOM
DAY TEMP  HIGH   TIME   LOW    TIME   DAYS  DAYS  RAIN  SPEED HIGH   TIME    DIR
------------------------------------------------------------------------------------
 1  47.9  56.6  12:30p  42.5   3:30a  17.1   0.0  0.32   5.5  25.0   3:30p    SE
 2  46.9  50.4   3:30p  44.6   2:30a  18.1   0.0  0.00   4.5  16.0   9:00a   WSW
 3  45.4  48.6   7:30p  40.4   6:30a  19.6   0.0  0.38   3.4  17.0   9:00p    NE
 4  50.1  65.5   7:00p  33.0   7:30a  14.9   0.0  0.00   3.1  13.0   2:30a    NE
 5  48.4  60.0   6:00p  31.5   7:00a  16.6   0.0  0.00   2.1  14.0   1:30p   ESE
 6  53.8  63.1   4:00p  42.6   7:00a  11.2   0.0  0.00   5.5  24.0   3:00p   ENE
 7  53.1  65.4   5:30p  39.5   6:00a  11.9   0.0  0.00   4.6  20.0   1:00p   ESE
 8  51.6  67.0   3:30p  28.1   7:00a  13.6   0.2  0.00   4.1  26.0  12:30p    SE
 9  63.7  76.2   5:30p  50.1   7:30a   4.7   3.4  0.00   7.5  37.0   4:30p    SE
10  71.8  83.3   5:30p  61.2   7:30a   0.8   7.7  0.00   5.0  21.0   4:00p    SE
11  67.4  71.6  11:00a  60.5  12:00m   0.4   2.8  1.38   2.1  19.0  12:00p   ESE
12  70.9  87.9   5:30p  55.4   6:30a   2.9   8.8  0.00   3.1  21.0   2:00p    SE
13  70.9  86.3   4:30p  51.9   7:00a   3.2   9.0  0.00   2.8  20.0   5:00p   SSW
14  69.3  83.1   4:30p  55.5   6:30a   2.4   6.7  0.00   2.7  18.0   5:30p   WNW
15  62.6  78.9   3:30p  49.5   5:30a   5.4   3.0  0.00   2.4  18.0   7:00p     E
16  60.6  71.5  12:30p  47.7  12:00m   5.9   1.5  0.00   4.8  29.0   3:00p    NW
17  50.4  63.9   6:30p  33.7   7:00a  14.6   0.0  0.00   3.7  20.0   2:00p    NW
18  47.7  57.5   4:00p  36.6   4:30a  17.3   0.0  0.00   2.0  15.0   4:30p    SE
19  60.2  70.3   4:00p  50.6   5:00a   6.1   1.3  0.01   3.6  19.0  12:00p   SSW
20  68.2  81.1   4:00p  58.0  12:00m   1.5   4.6  0.05   5.3  31.0   5:00p   SSW
21  58.5  64.8   1:30p  50.9  12:00m   6.5   0.0  0.17   2.1  18.0   2:30p     W
22  50.8  59.0   2:30p  38.3  12:00m  14.2   0.0  0.01   3.5  21.0   3:30p    NW
23  48.4  61.9   4:30p  30.2   7:00a  16.6   0.0  0.00   1.7  18.0   5:30p    NW
24  54.1  65.8   5:30p  37.2   6:30a  11.0   0.0  0.00   1.8  16.0   1:30p   ESE
25  57.1  62.3  12:00m  49.8   6:00a   7.9   0.0  0.62   4.6  22.0   1:00p   ESE
26  67.9  74.9   4:00p  62.3  12:30a   0.3   3.2  0.10   3.6  20.0   1:30p   SSW
27  60.0  62.6  12:30a  57.2   5:30a   1.1   0.0  0.00   1.4   9.0   5:30a     N
28
29
30
31
-------------------------------------------------------------------------------------
    57.7  87.9    12    28.1     8   245.8  52.2  3.04   3.6  37.0     9      SE

Max >=  90.0:  0
Max <=  32.0:  0
Min <=  32.0:  3
Min <=   0.0:  0
Max Rain: 1.38 ON 05/11/22
Days of Rain: 7 (>.01 in) 5 (>.1 in) 1 (>1 in)
Heat Base:  65.0  Cool Base:  65.0  Method: Integration