NOAA-Style Climate Reports


Report for 2021 September
                   MONTHLY CLIMATOLOGICAL SUMMARY for SEP. 2021

NAME: Hersey   CITY: Hersey   STATE: MI 
ELEV:  1004 ft  LAT:  43° 49' 19" N  LONG:  85° 24' 38" W

                   TEMPERATURE (°F), RAIN  (in), WIND SPEED (mph)

                                      HEAT  COOL        AVG
    MEAN                              DEG   DEG         WIND                 DOM
DAY TEMP  HIGH   TIME   LOW    TIME   DAYS  DAYS  RAIN  SPEED HIGH   TIME    DIR
------------------------------------------------------------------------------------
 1  63.6  76.0   3:30p  50.2   7:30a   4.9   3.5  0.00   2.4  14.0   1:00p    NE
 2  60.5  76.0   3:30p  44.2   7:30a   7.6   3.1  0.00   1.4   9.0   5:00p   ENE
 3  60.7  71.1   2:30p  48.3   5:30a   5.9   1.6  0.00   1.1  11.0  12:30p   ESE
 4  64.5  70.6   2:00p  59.6  12:30a   1.7   1.1  0.02   2.8  16.0   2:00p    SE
 5  63.6  74.8   3:30p  53.1   8:00a   4.1   2.7  0.01   3.2  23.0   1:30p     W
 6  59.6  73.3   3:30p  47.2   7:30a   7.0   1.6  0.00   2.3  16.0   3:00p     W
 7  58.5  77.0   1:00p  43.6   6:30a   7.7   1.2  0.37   2.3  48.0   2:00p     W
 8  60.4  68.9  12:30p  50.4  12:00m   5.3   0.6  0.12   3.7  25.0  12:00p     W
 9  57.1  70.3   3:00p  46.1   6:30a   8.7   0.8  0.00   2.2  16.0  12:00p    NW
10  60.4  73.6   4:30p  48.0   1:00a   6.7   2.0  0.06   1.7  14.0   5:00p    NW
11  65.2  77.8   3:30p  51.9   6:30a   4.3   4.5  0.00   3.5  23.0   6:30p   SSW
12  63.9  69.0  12:30a  58.2  12:00m   1.5   0.3  0.32   1.5  14.0   4:00p   ESE
13  58.2  65.8   5:00p  51.0   6:00a   6.8   0.0  0.09   1.8  15.0   1:00p   ESE
14  66.1  76.9   3:30p  56.2  11:30p   2.0   3.1  0.01   4.2  27.0   3:30p    SE
15  60.9  73.4   3:30p  47.3  12:00m   6.1   1.9  0.00   2.0  14.0   1:00p   NNW
16  58.6  75.4   4:30p  42.2   8:00a   9.5   3.0  0.00   2.1  22.0   1:00p   SSW
17  65.4  80.9   4:00p  49.7   8:00a   5.0   5.4  0.00   2.8  20.0   1:30p     E
18  59.7  74.1   4:00p  44.3   8:00a   7.2   1.9  0.00   1.8  15.0  11:00a     N
19  45.5  49.1  12:30a  43.7   5:30a   4.5   0.0  0.00   0.6   4.0   2:00a   WNW
20
21
22
23
24
25
26
27
28
29
30
-------------------------------------------------------------------------------------
    60.7  80.9    17    42.2    16   106.5  38.3  1.00   2.3  48.0     7      NW

Max >=  90.0:  0
Max <=  32.0:  0
Min <=  32.0:  0
Min <=   0.0:  0
Max Rain: 0.37 ON 09/07/21
Days of Rain: 6 (>.01 in) 3 (>.1 in) 0 (>1 in)
Heat Base:  65.0  Cool Base:  65.0  Method: Integration