NOAA-Style Climate Reports


Report for 2024 May
                   MONTHLY CLIMATOLOGICAL SUMMARY for MAY. 2024

NAME: Hersey   CITY: Hersey   STATE: MI 
ELEV:  1004 ft  LAT:  43° 49' 19" N  LONG:  85° 24' 38" W

                   TEMPERATURE (°F), RAIN  (in), WIND SPEED (mph)

                                      HEAT  COOL        AVG
    MEAN                              DEG   DEG         WIND                 DOM
DAY TEMP  HIGH   TIME   LOW    TIME   DAYS  DAYS  RAIN  SPEED HIGH   TIME    DIR
------------------------------------------------------------------------------------
 1  57.3  70.8   3:00p  41.5  12:30a   8.9   1.3  0.11   4.2  33.0   1:30p     W
 2  57.7  71.0   6:00p  42.2   6:30a   8.8   1.4  0.00   2.8  21.0   3:00p    SE
 3  60.5  73.4   7:00p  43.5  12:00m   5.8   1.3  0.25   1.7  15.0  10:00a    NW
 4  57.0  73.6   5:30p  37.8   5:30a   9.8   1.8  0.15   2.6  19.0  11:30p    SE
 5  58.0  69.7   7:00p  46.9  12:00m   7.8   0.7  0.04   2.8  17.0   7:00a     N
 6  54.4  67.5   5:30p  39.2   6:30a  11.0   0.4  0.00   1.6  16.0   3:30p    SE
 7  53.3  64.7   1:30p  36.1   6:30a  11.7   0.0  0.36   1.0  20.0   1:00p    SE
 8  59.4  71.0   4:30p  50.7   6:30a   6.8   1.2  0.11   1.4  18.0  11:00a    NW
 9  53.1  60.7   3:30p  43.8   7:00a  11.9   0.0  0.07   1.3  19.0  10:30a   ESE
10  52.5  64.5   3:30p  39.8   7:30a  12.5   0.0  0.01   1.9  20.0   5:00p     W
11  51.6  59.1   5:00p  41.1  12:00m  13.4   0.0  0.13   4.0  22.0   5:00p    NW
12  55.5  73.4   6:30p  32.4   6:30a  11.6   2.1  0.02   2.6  22.0   7:00p   SSW
13  63.5  74.1   2:00p  56.0   3:00a   3.3   1.8  0.02   2.2  22.0   4:30p   SSW
14  53.8  61.1   6:00p  49.5   5:00a  11.2   0.0  0.04   0.4   9.0  12:00p    SE
15  59.2  73.1   7:30p  42.9   6:00a   7.8   2.0  0.00   0.4  15.0   1:00p    SE
16  58.6  73.9   5:30p  38.4   6:00a   9.1   2.7  0.00   1.6  19.0   5:30p   SSW
17  64.1  77.3   7:00p  54.0  12:00m   3.7   2.8  0.00   0.7  13.0   6:30p     W
18  64.9  82.4   4:30p  42.4   6:30a   6.7   6.6  0.00   1.5  17.0   5:30p   SSW
19  68.1  82.9   7:00p  52.1  12:00m   3.3   6.5  0.00   1.3  14.0   7:30p   NNW
20  49.4  52.1  12:30a  48.1   2:30a   3.6   0.0  0.00   0.0   0.0     ---   ---
21
22
23
24
25
26
27
28
29
30
31
-------------------------------------------------------------------------------------
    57.6  82.9    19    32.4    12   168.7  32.6  1.31   1.8  33.0     1      SE

Max >=  90.0:  0
Max <=  32.0:  0
Min <=  32.0:  0
Min <=   0.0:  0
Max Rain: 0.36 ON 05/07/24
Days of Rain: 11 (>.01 in) 6 (>.1 in) 0 (>1 in)
Heat Base:  65.0  Cool Base:  65.0  Method: Integration