NOAA-Style Climate Reports
Select a Year or Month report
2024: Jan Feb Mar Apr May Jun Jul Aug Sep Oct Nov Dec
2023: Jan Feb Mar Apr May Jun Jul Aug Sep Oct Nov Dec
2022: Jan Feb Mar Apr May Jun Jul Aug Sep Oct Nov Dec
2021: Jan Feb Mar Apr May Jun Jul Aug Sep Oct Nov Dec
2020: Jan Feb Mar Apr May Jun Jul Aug Sep Oct Nov Dec
2019: Jan Feb Mar Apr May Jun Jul Aug Sep Oct Nov Dec
2018: Jan Feb Mar Apr May Jun Jul Aug Sep Oct Nov Dec
2017: Jan Feb Mar Apr May Jun Jul Aug Sep Oct Nov Dec
2016: Jan Feb Mar Apr May Jun Jul Aug Sep Oct Nov Dec
2015: Jan Feb Mar Apr May Jun Jul Aug Sep Oct Nov Dec
2014: Jan Feb Mar Apr May Jun Jul Aug Sep Oct Nov Dec
2013: Jan Feb Mar Apr May Jun Jul Aug Sep Oct Nov Dec
2012: Jan Feb Mar Apr May Jun Jul Aug Sep Oct Nov Dec
2011: Jan Feb Mar Apr May Jun Jul Aug Sep Oct Nov Dec
2010: Jan Feb Mar Apr May Jun Jul Aug Sep Oct Nov Dec
2009: Jan Feb Mar Apr May Jun Jul Aug Sep Oct Nov Dec
2008: Jan Feb Mar Apr May Jun Jul Aug Sep Oct Nov Dec
2007: Jan Feb Mar Apr May Jun Jul Aug Sep Oct Nov Dec
2006: Jan Feb Mar Apr May Jun Jul Aug Sep Oct Nov Dec
2005: Jan Feb Mar Apr May Jun Jul Aug Sep Oct Nov Dec
2024: Jan Feb Mar Apr May Jun Jul Aug Sep Oct Nov Dec
2023: Jan Feb Mar Apr May Jun Jul Aug Sep Oct Nov Dec
2022: Jan Feb Mar Apr May Jun Jul Aug Sep Oct Nov Dec
2021: Jan Feb Mar Apr May Jun Jul Aug Sep Oct Nov Dec
2020: Jan Feb Mar Apr May Jun Jul Aug Sep Oct Nov Dec
2019: Jan Feb Mar Apr May Jun Jul Aug Sep Oct Nov Dec
2018: Jan Feb Mar Apr May Jun Jul Aug Sep Oct Nov Dec
2017: Jan Feb Mar Apr May Jun Jul Aug Sep Oct Nov Dec
2016: Jan Feb Mar Apr May Jun Jul Aug Sep Oct Nov Dec
2015: Jan Feb Mar Apr May Jun Jul Aug Sep Oct Nov Dec
2014: Jan Feb Mar Apr May Jun Jul Aug Sep Oct Nov Dec
2013: Jan Feb Mar Apr May Jun Jul Aug Sep Oct Nov Dec
2012: Jan Feb Mar Apr May Jun Jul Aug Sep Oct Nov Dec
2011: Jan Feb Mar Apr May Jun Jul Aug Sep Oct Nov Dec
2010: Jan Feb Mar Apr May Jun Jul Aug Sep Oct Nov Dec
2009: Jan Feb Mar Apr May Jun Jul Aug Sep Oct Nov Dec
2008: Jan Feb Mar Apr May Jun Jul Aug Sep Oct Nov Dec
2007: Jan Feb Mar Apr May Jun Jul Aug Sep Oct Nov Dec
2006: Jan Feb Mar Apr May Jun Jul Aug Sep Oct Nov Dec
2005: Jan Feb Mar Apr May Jun Jul Aug Sep Oct Nov Dec
Report for 2016 May
MONTHLY CLIMATOLOGICAL SUMMARY for MAY. 2016 NAME: Hersey CITY: Hersey STATE: MI ELEV: 1004 ft LAT: 43° 49' 19" N LONG: 85° 24' 38" W TEMPERATURE (°F), RAIN (in), WIND SPEED (mph) HEAT COOL AVG MEAN DEG DEG WIND DOM DAY TEMP HIGH TIME LOW TIME DAYS DAYS RAIN SPEED HIGH TIME DIR ------------------------------------------------------------------------------------ 1 45.7 51.3 3:30p 41.1 3:30a 19.3 0.0 0.05 4.7 20.0 11:30a ENE 2 48.3 60.4 6:00p 31.9 7:00a 16.7 0.0 0.01 3.0 21.0 11:30a ESE 3 50.8 65.9 2:30p 29.8 6:30a 14.2 0.0 0.00 4.1 22.0 4:00p W 4 43.7 51.9 12:30a 41.0 5:00p 21.3 0.0 1.35 7.5 23.0 2:00p N 5 51.4 68.7 3:30p 35.3 6:00a 13.8 0.2 0.00 4.5 19.0 7:30p NNE 6 56.0 75.6 5:30p 32.3 6:30a 11.8 2.8 0.00 2.4 16.0 4:30p SSW 7 56.0 64.6 3:30p 39.1 12:00m 9.0 0.0 0.00 7.1 27.0 3:30p N 8 47.9 65.4 5:00p 29.5 6:30a 17.1 0.0 0.00 4.2 21.0 5:00p NW 9 50.5 65.1 5:00p 30.9 6:30a 14.5 0.0 0.00 4.4 22.0 10:00p ESE 10 51.8 58.7 4:00p 45.8 5:00a 13.2 0.0 0.00 8.1 29.0 12:30p ESE 11 59.9 73.4 4:30p 47.8 7:30a 7.0 1.9 0.01 4.6 23.0 4:00p ESE 12 59.3 71.7 3:00p 48.6 5:00a 6.7 1.1 0.00 3.1 23.0 6:00p WNW 13 53.3 63.2 3:30p 44.5 12:00m 11.7 0.0 0.22 6.6 25.0 2:00p W 14 40.7 47.8 3:00p 35.7 12:00m 24.3 0.0 0.18 7.7 30.0 2:00p NW 15 39.2 49.4 6:30p 31.5 6:00a 25.8 0.0 0.08 6.4 25.0 3:30p NW 16 50.1 65.3 4:00p 30.8 3:00a 14.9 0.0 0.00 5.5 25.0 4:30p SSW 17 52.4 66.8 7:00p 38.5 5:00a 12.7 0.1 0.00 2.8 13.0 12:30p NNE 18 50.7 68.2 6:00p 30.2 6:30a 14.7 0.3 0.00 2.5 19.0 7:30p WNW 19 53.7 73.2 6:30p 31.6 6:00a 13.0 1.6 0.00 2.1 16.0 2:30p WNW 20 56.4 73.4 4:00p 34.4 6:30a 11.0 2.4 0.00 1.7 12.0 12:00p WNW 21 61.8 79.3 5:00p 46.2 7:00a 7.2 4.0 0.00 3.2 23.0 4:00p NNE 22 60.7 76.9 6:30p 40.3 6:30a 7.6 3.3 0.00 2.5 15.0 12:00p ENE 23 60.7 80.9 6:00p 35.5 6:30a 9.7 5.4 0.00 2.6 15.0 1:30p SSW 24 64.5 83.6 3:00p 40.2 6:30a 7.5 7.0 0.02 3.8 26.0 3:00p WSW 25 68.9 86.6 5:30p 52.9 6:30a 2.5 6.3 0.21 2.6 25.0 12:00m ESE 26 70.0 80.8 4:00p 61.8 12:00m 0.8 5.8 0.23 4.3 24.0 4:00p SW 27 67.8 84.2 3:30p 53.3 6:00a 2.8 5.6 0.34 2.0 36.0 4:00p SE 28 70.8 80.9 3:30p 62.4 12:00m 0.1 5.9 0.08 3.6 26.0 2:30p SSW 29 69.1 77.9 2:00p 60.7 2:00a 0.9 5.0 0.01 5.1 27.0 3:00p SW 30 67.4 79.5 4:30p 52.7 12:00m 3.1 5.5 0.00 3.7 22.0 1:30p NW 31 65.8 81.4 6:30p 46.8 6:30a 5.6 6.4 0.00 2.9 16.0 5:30p N ------------------------------------------------------------------------------------- 56.3 86.6 25 29.5 8 340.5 70.6 2.79 4.2 36.0 27 ESE Max >= 90.0: 0 Max <= 32.0: 0 Min <= 32.0: 8 Min <= 0.0: 0 Max Rain: 1.35 ON 05/04/16 Days of Rain: 10 (>.01 in) 6 (>.1 in) 1 (>1 in) Heat Base: 65.0 Cool Base: 65.0 Method: Integration